{"id":23,"date":"2022-08-30T14:50:26","date_gmt":"2022-08-30T12:50:26","guid":{"rendered":"http:\/\/ccs.aleauva.free.fr\/?page_id=23"},"modified":"2025-10-31T13:39:32","modified_gmt":"2025-10-31T13:39:32","slug":"les-moniteurs","status":"publish","type":"page","link":"https:\/\/ccsaleauva.fr\/?page_id=23","title":{"rendered":"Les moniteurs"},"content":{"rendered":"<table style=\"border-collapse: collapse; width: 100%; height: 584px;\">\n<tbody>\n<tr style=\"height: 69px;\">\n<td style=\"width: 34.881%; text-align: center; height: 69px;\"><\/td>\n<td style=\"width: 29.5239%; text-align: center; height: 69px;\"><span style=\"font-size: 14pt;\"><strong>Dipl\u00f4mes obtenus<\/strong><\/span><\/td>\n<td style=\"width: 35.5952%; text-align: center; height: 69px;\"><span style=\"font-size: 14pt;\"><strong>Disciplines<\/strong><\/span><\/td>\n<\/tr>\n<tr style=\"height: 121px;\">\n<td style=\"width: 34.881%; text-align: center; height: 121px;\"><span style=\"font-size: 14pt;\">Sylvie<\/span><\/td>\n<td style=\"width: 29.5239%; text-align: center; height: 121px;\"><span style=\"font-size: 14pt;\">MEC 1*<\/span><\/p>\n<p><span style=\"font-size: 14pt;\">MEC 2*<\/span><\/td>\n<td style=\"width: 35.5952%; text-align: center; height: 121px;\">Recherche Utilitaire<\/p>\n<p>Sauvetage \u00e0 l&rsquo;eau (CUNSE)<\/td>\n<\/tr>\n<tr style=\"height: 121px;\">\n<td style=\"width: 34.881%; text-align: center; height: 121px;\"><span style=\"font-size: 14pt;\">Maryline <\/span><\/td>\n<td style=\"width: 29.5239%; text-align: center; height: 121px;\"><span style=\"font-size: 14pt;\">MEC 1*<\/span><\/p>\n<p><span style=\"font-size: 14pt;\">MEC 2*<\/span><\/td>\n<td style=\"width: 35.5952%; text-align: center; height: 121px;\">Recherche Utilitaire<\/p>\n<p>Sauvetage \u00e0 l&rsquo;eau (CUNSE)<\/td>\n<\/tr>\n<tr style=\"height: 118px;\">\n<td style=\"width: 34.881%; text-align: center; height: 118px;\"><span style=\"font-size: 14pt;\">S\u00e9verine<\/span><\/td>\n<td style=\"width: 29.5239%; text-align: center; height: 118px;\"><span style=\"font-size: 14pt;\">Entraineur de Club CunCbg<\/span><\/p>\n<p><span style=\"font-size: 14pt;\">MEC 1*<\/span><\/td>\n<td style=\"width: 35.5952%; text-align: center; height: 118px;\">Recherche Utilitaire<\/p>\n<p>Sauvetage \u00e0 l&rsquo;eau (CUNSE)<\/p>\n<p>Sauvetage sp\u00e9cialit\u00e9 piste<\/td>\n<\/tr>\n<tr style=\"height: 69px;\">\n<td style=\"width: 34.881%; text-align: center; height: 69px;\"><span style=\"font-size: 14pt;\">Delphine<\/span><\/td>\n<td style=\"width: 29.5239%; text-align: center; height: 69px;\"><span style=\"font-size: 14pt;\">MEC 1*<\/span><\/td>\n<td style=\"width: 35.5952%; text-align: center; height: 69px;\"><\/td>\n<\/tr>\n<tr style=\"height: 62px;\">\n<td style=\"width: 34.881%; text-align: center; height: 62px;\"><span style=\"font-size: 14pt;\">Sabine<\/span><\/td>\n<td style=\"width: 29.5239%; text-align: center; height: 62px;\"><span style=\"font-size: 14pt;\">MEC 1*<\/span><\/td>\n<td style=\"width: 35.5952%; text-align: center; height: 62px;\"><\/td>\n<\/tr>\n<tr style=\"height: 24px;\">\n<td style=\"width: 34.881%; text-align: center; height: 24px;\"><span style=\"font-size: 14pt;\">\u00a0<\/span><\/td>\n<td style=\"width: 29.5239%; text-align: center; height: 24px;\"><\/td>\n<td style=\"width: 35.5952%; text-align: center; height: 24px;\"><\/td>\n<\/tr>\n<\/tbody>\n<\/table>\n<p><img decoding=\"async\" loading=\"lazy\" class=\"alignnone  wp-image-467 aligncenter\" src=\"http:\/\/ccsaleauva.fr\/wp-content\/uploads\/2022\/12\/IMG_20220727_090204-300x135.jpg\" alt=\"\" width=\"415\" height=\"187\" srcset=\"https:\/\/ccsaleauva.fr\/wp-content\/uploads\/2022\/12\/IMG_20220727_090204-300x135.jpg 300w, https:\/\/ccsaleauva.fr\/wp-content\/uploads\/2022\/12\/IMG_20220727_090204-1024x461.jpg 1024w, https:\/\/ccsaleauva.fr\/wp-content\/uploads\/2022\/12\/IMG_20220727_090204-768x346.jpg 768w, https:\/\/ccsaleauva.fr\/wp-content\/uploads\/2022\/12\/IMG_20220727_090204-1536x691.jpg 1536w, https:\/\/ccsaleauva.fr\/wp-content\/uploads\/2022\/12\/IMG_20220727_090204-2048x922.jpg 2048w\" sizes=\"(max-width: 415px) 100vw, 415px\" \/><\/p>\n<p>MEC 1 = Moniteur \u00c9ducation Canine 1er degr\u00e9<\/p>\n<p>MEC 2 = Moniteur \u00c9ducation Canine 2\u00e8me degr\u00e9<\/p>\n","protected":false},"excerpt":{"rendered":"<p>Dipl\u00f4mes obtenus Disciplines Sylvie MEC 1* MEC 2* Recherche Utilitaire Sauvetage \u00e0 l&rsquo;eau (CUNSE) Maryline MEC 1* MEC 2* Recherche Utilitaire Sauvetage \u00e0 l&rsquo;eau (CUNSE) S\u00e9verine Entraineur de Club CunCbg MEC 1* Recherche Utilitaire Sauvetage \u00e0 l&rsquo;eau (CUNSE) Sauvetage sp\u00e9cialit\u00e9 piste Delphine MEC 1* Sabine MEC 1* \u00a0 MEC 1 = Moniteur \u00c9ducation Canine 1er&hellip;<\/p>\n","protected":false},"author":1,"featured_media":0,"parent":10,"menu_order":0,"comment_status":"closed","ping_status":"closed","template":"","meta":[],"_links":{"self":[{"href":"https:\/\/ccsaleauva.fr\/index.php?rest_route=\/wp\/v2\/pages\/23"}],"collection":[{"href":"https:\/\/ccsaleauva.fr\/index.php?rest_route=\/wp\/v2\/pages"}],"about":[{"href":"https:\/\/ccsaleauva.fr\/index.php?rest_route=\/wp\/v2\/types\/page"}],"author":[{"embeddable":true,"href":"https:\/\/ccsaleauva.fr\/index.php?rest_route=\/wp\/v2\/users\/1"}],"replies":[{"embeddable":true,"href":"https:\/\/ccsaleauva.fr\/index.php?rest_route=%2Fwp%2Fv2%2Fcomments&post=23"}],"version-history":[{"count":15,"href":"https:\/\/ccsaleauva.fr\/index.php?rest_route=\/wp\/v2\/pages\/23\/revisions"}],"predecessor-version":[{"id":887,"href":"https:\/\/ccsaleauva.fr\/index.php?rest_route=\/wp\/v2\/pages\/23\/revisions\/887"}],"up":[{"embeddable":true,"href":"https:\/\/ccsaleauva.fr\/index.php?rest_route=\/wp\/v2\/pages\/10"}],"wp:attachment":[{"href":"https:\/\/ccsaleauva.fr\/index.php?rest_route=%2Fwp%2Fv2%2Fmedia&parent=23"}],"curies":[{"name":"wp","href":"https:\/\/api.w.org\/{rel}","templated":true}]}}