{"id":417,"date":"2022-12-19T16:54:30","date_gmt":"2022-12-19T16:54:30","guid":{"rendered":"https:\/\/ccsaleauva.fr\/?page_id=417"},"modified":"2022-12-19T17:11:31","modified_gmt":"2022-12-19T17:11:31","slug":"coordonnees","status":"publish","type":"page","link":"https:\/\/ccsaleauva.fr\/?page_id=417","title":{"rendered":"Coordonn\u00e9es des lieux d&rsquo;entrainements"},"content":{"rendered":"\n<p><\/p>\n\n\n<p style=\"text-align: justify;\"><span style=\"font-size: 14pt;\">Le CCS \u00ab\u00a0A l&rsquo;eau&rsquo;va\u00a0\u00bb s&rsquo;entraine \u00e0 Saint Chamas. Il y a deux lieux d&rsquo;entrainements. Ils seront indiqu\u00e9s dans les \u00e9v\u00e9nements.<\/span><\/p>\n<p><span style=\"font-size: 14pt;\">Pour les cani-balades, les lieux seront indiqu\u00e9s dans l&rsquo;\u00e9v\u00e9nement.<\/span><\/p>\n<p>\u00a0<\/p>\n<table style=\"border-collapse: collapse; width: 100%; height: 355px;\">\n<tbody>\n<tr style=\"height: 10px;\">\n<td style=\"width: 50%; height: 10px; text-align: center;\"><span style=\"font-size: 14pt;\"><strong>1er lieu d&rsquo;entrainement<\/strong><\/span><br \/><span style=\"font-size: 14pt;\">\u00e0 c\u00f4t\u00e9 du Port communal de Saint Chamas<br \/><br \/><\/span><\/td>\n<td style=\"width: 50%; height: 10px; text-align: center;\"><span style=\"font-size: 14pt;\"><strong>2\u00e8me lieu d&rsquo;entrainement<\/strong><\/span><br \/><span style=\"font-size: 14pt;\">\u00e0 c\u00f4t\u00e9 du boulodrome \u00a0<br \/><br \/><\/span><\/td>\n<\/tr>\n<tr style=\"height: 345px;\">\n<td style=\"width: 50%; text-align: center; height: 345px;\">\n<p><iframe loading=\"lazy\" style=\"border: 0;\" src=\"https:\/\/www.google.com\/maps\/embed?pb=!1m18!1m12!1m3!1d2891.8754755994364!2d5.031769185180666!3d43.54663757458817!2m3!1f0!2f0!3f0!3m2!1i1024!2i768!4f13.1!3m3!1m2!1s0x0%3A0xa0fb399bc2fb1f10!2zNDPCsDMyJzQ2LjAiTiA1wrAwMSc1Ni41IkU!5e0!3m2!1sfr!2sfr!4v1671469013622!5m2!1sfr!2sfr\" width=\"400\" height=\"300\" allowfullscreen=\"allowfullscreen\"><\/iframe><\/p>\n<\/td>\n<td style=\"width: 50%; height: 345px;\">\u00a0<\/td>\n<\/tr>\n<\/tbody>\n<\/table>","protected":false},"excerpt":{"rendered":"<p>Le CCS \u00ab\u00a0A l&rsquo;eau&rsquo;va\u00a0\u00bb s&rsquo;entraine \u00e0 Saint Chamas. Il y a deux lieux d&rsquo;entrainements. Ils seront indiqu\u00e9s dans les \u00e9v\u00e9nements. Pour les cani-balades, les lieux seront indiqu\u00e9s dans l&rsquo;\u00e9v\u00e9nement. \u00a0 1er lieu d&rsquo;entrainement\u00e0 c\u00f4t\u00e9 du Port communal de Saint Chamas 2\u00e8me lieu d&rsquo;entrainement\u00e0 c\u00f4t\u00e9 du boulodrome \u00a0 \u00a0<\/p>\n","protected":false},"author":1,"featured_media":0,"parent":10,"menu_order":0,"comment_status":"closed","ping_status":"closed","template":"","meta":[],"_links":{"self":[{"href":"https:\/\/ccsaleauva.fr\/index.php?rest_route=\/wp\/v2\/pages\/417"}],"collection":[{"href":"https:\/\/ccsaleauva.fr\/index.php?rest_route=\/wp\/v2\/pages"}],"about":[{"href":"https:\/\/ccsaleauva.fr\/index.php?rest_route=\/wp\/v2\/types\/page"}],"author":[{"embeddable":true,"href":"https:\/\/ccsaleauva.fr\/index.php?rest_route=\/wp\/v2\/users\/1"}],"replies":[{"embeddable":true,"href":"https:\/\/ccsaleauva.fr\/index.php?rest_route=%2Fwp%2Fv2%2Fcomments&post=417"}],"version-history":[{"count":7,"href":"https:\/\/ccsaleauva.fr\/index.php?rest_route=\/wp\/v2\/pages\/417\/revisions"}],"predecessor-version":[{"id":438,"href":"https:\/\/ccsaleauva.fr\/index.php?rest_route=\/wp\/v2\/pages\/417\/revisions\/438"}],"up":[{"embeddable":true,"href":"https:\/\/ccsaleauva.fr\/index.php?rest_route=\/wp\/v2\/pages\/10"}],"wp:attachment":[{"href":"https:\/\/ccsaleauva.fr\/index.php?rest_route=%2Fwp%2Fv2%2Fmedia&parent=417"}],"curies":[{"name":"wp","href":"https:\/\/api.w.org\/{rel}","templated":true}]}}