{"id":7,"date":"2022-08-29T18:58:34","date_gmt":"2022-08-29T16:58:34","guid":{"rendered":"http:\/\/ccs.aleauva.free.fr\/?page_id=6"},"modified":"2025-10-20T15:15:47","modified_gmt":"2025-10-20T15:15:47","slug":"acceuil","status":"publish","type":"page","link":"https:\/\/ccsaleauva.fr\/","title":{"rendered":"Accueil"},"content":{"rendered":"<div class=\"elementor-element elementor-element-958215b elementor-widget elementor-widget-text-editor animated fadeInUp\" data-id=\"958215b\" data-element_type=\"widget\" data-settings=\"{&quot;_animation&quot;:&quot;fadeInUp&quot;}\" data-widget_type=\"text-editor.default\">\n<div class=\"elementor-widget-container\">\n<div class=\"elementor-text-editor elementor-clearfix\">\n<h3 style=\"text-align: center;\"><span style=\"font-size: 24pt;\">Bonjour et Bienvenue<\/span><\/h3>\n<h3 style=\"text-align: center;\"><span style=\"font-size: 24pt;\">sur le site du Club Canin de Sauvetage \u00ab\u00a0A l&rsquo;eau&rsquo;va\u00a0\u00bb <\/span><\/h3>\n<h3 style=\"text-align: center;\"><span style=\"font-size: 24pt;\">CCS A l&rsquo;eau&rsquo;va<\/span><\/h3>\n<\/div>\n<\/div>\n<\/div>\n<p><img decoding=\"async\" loading=\"lazy\" class=\" wp-image-829 aligncenter\" src=\"http:\/\/ccsaleauva.fr\/wp-content\/uploads\/2025\/10\/affiche-2025-212x300.jpg\" alt=\"\" width=\"250\" height=\"354\" srcset=\"https:\/\/ccsaleauva.fr\/wp-content\/uploads\/2025\/10\/affiche-2025-212x300.jpg 212w, https:\/\/ccsaleauva.fr\/wp-content\/uploads\/2025\/10\/affiche-2025-724x1024.jpg 724w, https:\/\/ccsaleauva.fr\/wp-content\/uploads\/2025\/10\/affiche-2025-768x1086.jpg 768w, https:\/\/ccsaleauva.fr\/wp-content\/uploads\/2025\/10\/affiche-2025-1086x1536.jpg 1086w, https:\/\/ccsaleauva.fr\/wp-content\/uploads\/2025\/10\/affiche-2025.jpg 1240w\" sizes=\"(max-width: 250px) 100vw, 250px\" \/><\/p>\n<p style=\"text-align: center;\">Voici le planning pour le concours de sauvetage \u00e0 l&rsquo;eau<\/p>\n<div style=\"text-align: center;\"><span style=\"font-size: 18pt;\"><strong>Samedi 25 octobre<\/strong><\/span><\/div>\n<div style=\"text-align: center;\">8 h : d\u00e9but des \u00e9preuves \u00e0 l&rsquo;eau<\/div>\n<div><\/div>\n<div style=\"text-align: center;\">Passage des Brevets mer<\/div>\n<div><\/div>\n<div style=\"text-align: center;\">puis passage des s\u00e9lectifs<\/div>\n<div><\/div>\n<div>\n<div style=\"text-align: center;\"><strong>Dimanche 26 octobre<\/strong><\/div>\n<div style=\"text-align: center;\">8 h : d\u00e9but des \u00e9preuves \u00e0 l&rsquo;eau<\/div>\n<div><\/div>\n<div style=\"text-align: center;\">Passage 1er degr\u00e9, 2\u00e8me degr\u00e9 et 3\u00e8me degr\u00e9<\/div>\n<div><\/div>\n<div style=\"text-align: center;\">16h30 Remise des prix puis tirage de la tombola<\/div>\n<\/div>\n<div class=\"elementor-element elementor-element-958215b elementor-widget elementor-widget-text-editor animated fadeInUp\" data-id=\"958215b\" data-element_type=\"widget\" data-settings=\"{&quot;_animation&quot;:&quot;fadeInUp&quot;}\" data-widget_type=\"text-editor.default\">\n<hr \/>\n<p style=\"text-align: center;\"><span style=\"font-size: 18pt; color: #0000ff;\"><strong>D\u00e9couvrez la pr\u00e9sentation pour l&rsquo;ann\u00e9e 2025-2026<\/strong><\/span><\/p>\n<p style=\"text-align: center;\">\n<div class=\"elementor-widget-container\">\n<p style=\"text-align: center;\">\n<\/div>\n<\/div>\n<p style=\"text-align: center;\"><iframe loading=\"lazy\" title=\"YouTube video player\" src=\"\/\/www.youtube.com\/embed\/7Pb3uVDZduI?si=gq44OpJBlfpcyMRF\" width=\"560\" height=\"315\" frameborder=\"0\" allowfullscreen=\"allowfullscreen\"><\/iframe><\/p>\n<p style=\"text-align: center;\">\n<p style=\"text-align: center;\"><span style=\"font-size: 18pt;\">\u00a0<\/span><\/p>\n","protected":false},"excerpt":{"rendered":"<p>Bonjour et Bienvenue sur le site du Club Canin de Sauvetage \u00ab\u00a0A l&rsquo;eau&rsquo;va\u00a0\u00bb CCS A l&rsquo;eau&rsquo;va Voici le planning pour le concours de sauvetage \u00e0 l&rsquo;eau Samedi 25 octobre 8 h : d\u00e9but des \u00e9preuves \u00e0 l&rsquo;eau Passage des Brevets mer puis passage des s\u00e9lectifs Dimanche 26 octobre 8 h : d\u00e9but des \u00e9preuves \u00e0&hellip;<\/p>\n","protected":false},"author":1,"featured_media":0,"parent":0,"menu_order":0,"comment_status":"closed","ping_status":"closed","template":"","meta":[],"_links":{"self":[{"href":"https:\/\/ccsaleauva.fr\/index.php?rest_route=\/wp\/v2\/pages\/7"}],"collection":[{"href":"https:\/\/ccsaleauva.fr\/index.php?rest_route=\/wp\/v2\/pages"}],"about":[{"href":"https:\/\/ccsaleauva.fr\/index.php?rest_route=\/wp\/v2\/types\/page"}],"author":[{"embeddable":true,"href":"https:\/\/ccsaleauva.fr\/index.php?rest_route=\/wp\/v2\/users\/1"}],"replies":[{"embeddable":true,"href":"https:\/\/ccsaleauva.fr\/index.php?rest_route=%2Fwp%2Fv2%2Fcomments&post=7"}],"version-history":[{"count":17,"href":"https:\/\/ccsaleauva.fr\/index.php?rest_route=\/wp\/v2\/pages\/7\/revisions"}],"predecessor-version":[{"id":833,"href":"https:\/\/ccsaleauva.fr\/index.php?rest_route=\/wp\/v2\/pages\/7\/revisions\/833"}],"wp:attachment":[{"href":"https:\/\/ccsaleauva.fr\/index.php?rest_route=%2Fwp%2Fv2%2Fmedia&parent=7"}],"curies":[{"name":"wp","href":"https:\/\/api.w.org\/{rel}","templated":true}]}}