{"id":88,"date":"2022-08-30T15:14:04","date_gmt":"2022-08-30T15:14:04","guid":{"rendered":"http:\/\/ccs.aleauva.free.fr\/?page_id=88"},"modified":"2022-12-19T17:07:01","modified_gmt":"2022-12-19T17:07:01","slug":"contact-et-coordonnees","status":"publish","type":"page","link":"https:\/\/ccsaleauva.fr\/?page_id=88","title":{"rendered":"Contact"},"content":{"rendered":"<p style=\"text-align: center;\"><span style=\"font-size: 18pt;\"><strong><span style=\"color: #ff0000;\">Nous contacter<\/span> <\/strong><\/span><\/p>\n<p style=\"text-align: center;\"><span style=\"font-size: 14pt;\">Club Canin de Sauvetage \u00ab\u00a0A l&rsquo;eau&rsquo;va\u00a0\u00bb<br \/><\/span><span style=\"font-size: 14pt;\">ccsaleauva@gmail.com<br \/><\/span><span style=\"font-size: 14pt;\">La pr\u00e9sidente : 06 77 45 26 69<\/span><\/p>\n\n<div class=\"wpforms-container wpforms-container-full\" id=\"wpforms-393\"><form id=\"wpforms-form-393\" class=\"wpforms-validate wpforms-form wpforms-ajax-form\" data-formid=\"393\" method=\"post\" enctype=\"multipart\/form-data\" action=\"\/index.php?rest_route=%2Fwp%2Fv2%2Fpages%2F88\" data-token=\"35995e0cd2c449fbb4bb122c9de23275\"><noscript class=\"wpforms-error-noscript\">Veuillez activer JavaScript dans votre navigateur pour remplir ce formulaire.<\/noscript><div class=\"wpforms-field-container\"><div id=\"wpforms-393-field_0-container\" class=\"wpforms-field wpforms-field-name\" data-field-id=\"0\"><label class=\"wpforms-field-label\" for=\"wpforms-393-field_0\">Nom <span class=\"wpforms-required-label\">*<\/span><\/label><div class=\"wpforms-field-row wpforms-field-large\"><div class=\"wpforms-field-row-block wpforms-first wpforms-one-half\"><input type=\"text\" id=\"wpforms-393-field_0\" class=\"wpforms-field-name-first wpforms-field-required\" name=\"wpforms[fields][0][first]\" required><label for=\"wpforms-393-field_0\" class=\"wpforms-field-sublabel after \">Pr\u00e9nom<\/label><\/div><div class=\"wpforms-field-row-block wpforms-one-half\"><input type=\"text\" id=\"wpforms-393-field_0-last\" class=\"wpforms-field-name-last wpforms-field-required\" name=\"wpforms[fields][0][last]\" required><label for=\"wpforms-393-field_0-last\" class=\"wpforms-field-sublabel after \">Nom<\/label><\/div><\/div><\/div><div id=\"wpforms-393-field_1-container\" class=\"wpforms-field wpforms-field-email\" data-field-id=\"1\"><label class=\"wpforms-field-label\" for=\"wpforms-393-field_1\">E-mail <span class=\"wpforms-required-label\">*<\/span><\/label><input type=\"email\" id=\"wpforms-393-field_1\" class=\"wpforms-field-medium wpforms-field-required\" name=\"wpforms[fields][1]\" required><\/div><div id=\"wpforms-393-field_5-container\" class=\"wpforms-field wpforms-field-checkbox wpforms-list-2-columns\" data-field-id=\"5\"><label class=\"wpforms-field-label\" for=\"wpforms-393-field_5\">Je souhaite recevoir des renseignements <\/label><ul id=\"wpforms-393-field_5\"><li class=\"choice-1 depth-1\"><input type=\"checkbox\" id=\"wpforms-393-field_5_1\" name=\"wpforms[fields][5][]\" value=\"L&#039;organisation du club\"  ><label class=\"wpforms-field-label-inline\" for=\"wpforms-393-field_5_1\">L'organisation du club<\/label><\/li><li class=\"choice-2 depth-1\"><input type=\"checkbox\" id=\"wpforms-393-field_5_2\" name=\"wpforms[fields][5][]\" value=\"Recherche Utilitaire\"  ><label class=\"wpforms-field-label-inline\" for=\"wpforms-393-field_5_2\">Recherche Utilitaire<\/label><\/li><li class=\"choice-3 depth-1\"><input type=\"checkbox\" id=\"wpforms-393-field_5_3\" name=\"wpforms[fields][5][]\" value=\"Sauvetage \u00e0 l&#039;eau\"  ><label class=\"wpforms-field-label-inline\" for=\"wpforms-393-field_5_3\">Sauvetage \u00e0 l'eau<\/label><\/li><li class=\"choice-4 depth-1\"><input type=\"checkbox\" id=\"wpforms-393-field_5_4\" name=\"wpforms[fields][5][]\" value=\"Sauvetage sp\u00e9cialit\u00e9 &quot;piste&quot;\"  ><label class=\"wpforms-field-label-inline\" for=\"wpforms-393-field_5_4\">Sauvetage sp\u00e9cialit\u00e9 \"piste\"<\/label><\/li><li class=\"choice-5 depth-1\"><input type=\"checkbox\" id=\"wpforms-393-field_5_5\" name=\"wpforms[fields][5][]\" value=\"Cani balade\"  ><label class=\"wpforms-field-label-inline\" for=\"wpforms-393-field_5_5\">Cani balade<\/label><\/li><\/ul><\/div><div id=\"wpforms-393-field_2-container\" class=\"wpforms-field wpforms-field-textarea\" data-field-id=\"2\"><label class=\"wpforms-field-label\" for=\"wpforms-393-field_2\">Commentaire ou message<\/label><textarea id=\"wpforms-393-field_2\" class=\"wpforms-field-medium\" name=\"wpforms[fields][2]\" ><\/textarea><\/div><div id=\"wpforms-393-field_3-container\" class=\"wpforms-field wpforms-field-gdpr-checkbox\" data-field-id=\"3\"><label class=\"wpforms-field-label\" for=\"wpforms-393-field_3\">Accord RGPD <span class=\"wpforms-required-label\">*<\/span><\/label><ul id=\"wpforms-393-field_3\" class=\"wpforms-field-required\"><li class=\"choice-1\"><input type=\"checkbox\" id=\"wpforms-393-field_3_1\" name=\"wpforms[fields][3][]\" value=\"Je consens \u00e0 ce que ce site stocke mes informations envoy\u00e9es afin qu\u2019ils puissent r\u00e9pondre \u00e0 ma requ\u00eate.\" required ><label class=\"wpforms-field-label-inline\" for=\"wpforms-393-field_3_1\">Je consens \u00e0 ce que ce site stocke mes informations envoy\u00e9es afin qu\u2019ils puissent r\u00e9pondre \u00e0 ma requ\u00eate.<\/label><\/li><\/ul><\/div><\/div><div class=\"wpforms-submit-container\"><input type=\"hidden\" name=\"wpforms[id]\" value=\"393\"><input type=\"hidden\" name=\"wpforms[author]\" value=\"1\"><button type=\"submit\" name=\"wpforms[submit]\" id=\"wpforms-submit-393\" class=\"wpforms-submit\" data-alt-text=\"Envoi...\" data-submit-text=\"Envoyer\" aria-live=\"assertive\" value=\"wpforms-submit\">Envoyer<\/button><img src=\"https:\/\/ccsaleauva.fr\/wp-content\/plugins\/wpforms-lite\/assets\/images\/submit-spin.svg\" class=\"wpforms-submit-spinner\" style=\"display: none;\" width=\"26\" height=\"26\" alt=\"Chargement en cours\"><\/div><\/form><\/div>  <!-- .wpforms-container -->\n","protected":false},"excerpt":{"rendered":"<p>Nous contacter Club Canin de Sauvetage \u00ab\u00a0A l&rsquo;eau&rsquo;va\u00a0\u00bbccsaleauva@gmail.comLa pr\u00e9sidente : 06 77 45 26 69<\/p>\n","protected":false},"author":1,"featured_media":0,"parent":0,"menu_order":0,"comment_status":"closed","ping_status":"closed","template":"","meta":[],"_links":{"self":[{"href":"https:\/\/ccsaleauva.fr\/index.php?rest_route=\/wp\/v2\/pages\/88"}],"collection":[{"href":"https:\/\/ccsaleauva.fr\/index.php?rest_route=\/wp\/v2\/pages"}],"about":[{"href":"https:\/\/ccsaleauva.fr\/index.php?rest_route=\/wp\/v2\/types\/page"}],"author":[{"embeddable":true,"href":"https:\/\/ccsaleauva.fr\/index.php?rest_route=\/wp\/v2\/users\/1"}],"replies":[{"embeddable":true,"href":"https:\/\/ccsaleauva.fr\/index.php?rest_route=%2Fwp%2Fv2%2Fcomments&post=88"}],"version-history":[{"count":12,"href":"https:\/\/ccsaleauva.fr\/index.php?rest_route=\/wp\/v2\/pages\/88\/revisions"}],"predecessor-version":[{"id":432,"href":"https:\/\/ccsaleauva.fr\/index.php?rest_route=\/wp\/v2\/pages\/88\/revisions\/432"}],"wp:attachment":[{"href":"https:\/\/ccsaleauva.fr\/index.php?rest_route=%2Fwp%2Fv2%2Fmedia&parent=88"}],"curies":[{"name":"wp","href":"https:\/\/api.w.org\/{rel}","templated":true}]}}